e 16
3474f
96b646 (base 12) to base 8
11057726
21211110222112 (base 3) to base 10
4162577
Convert -43630212 (base 7) to base 4.
-32110310013
1001312 (base 7) to base 5
12240043
Convert -2157a6 (base 12) to base 8.
-2007456
Convert -30122213123 (base 4) to base 13.
-89c5b2
212001022002 (base 3) to base 6
13420132
What is 14002230 (base 6) in base 3?
212201201100
What is -4140001304 (base 5) in base 16?
-81f0f5
1210daa (base 14) to base 15
b5bced
Convert a6793 (base 12) to base 4.
311123133
Convert 120101202210 (base 3) to base 7.
2401443
What is a6051 (base 11) in base 5?
14420302
1101011100000001100000 (base 2) to base 16
35c060
Convert -40fdf9 (base 16) to base 11.
-244a100
-2369214 (base 11) to base 7
-50034124
What is -6235005 (base 7) in base 16?
-b6b8f
-350a41 (base 11) to base 14
-1072d7
What is 100100001001011111010 (base 2) in base 3?
2020011211121
Convert -17740 (base 8) to base 3.
-102012020
12210404210 (base 5) to base 4
313132312301
1553aa (base 15) to base 3
1221100011221
What is 221430443 (base 6) in base 15?
5406d3
Convert -51013323 (base 7) to base 6.
-230504450
What is -3e5aa (base 15) in base 12?
-97b8a
What is -114051 (base 8) in base 15?
-b81d
47433 (base 13) to base 11
89a22
What is -440743 (base 8) in base 15?
-2dc79
Convert 16f20 (base 16) to base 13.
33a17
-230990 (base 10) to base 3
-102201212012
What is 11182731 (base 9) in base 12?
1999254
What is -2150d (base 14) in base 3?
-11002112001
What is -132301010 (base 4) in base 10?
-126020
6460242 (base 9) to base 12
11b0a48
104083 (base 11) to base 8
505102
-260cd0 (base 14) to base 8
-4774006
608981 (base 13) to base 15
2e5b75
Convert 18c3b2 (base 16) to base 7.
16536445
110212011121220 (base 3) to base 12
23565b9
228104 (base 9) to base 8
413661
225476 (base 8) to base 9
126067
What is 98567 (base 11) in base 5?
14034340
766334 (base 10) to base 7
6341132
What is -100210013 (base 5) in base 11?
-251721
17550526 (base 8) to base 13
b11ab8
What is 23122000320 (base 4) in base 15?
3e0e76
What is -78a30 (base 15) in base 8?
-1355266
1aca1 (base 13) to base 7
306421
-4016157 (base 8) to base 14
-1d6b03
-338a (base 11) to base 14
-18a2
What is -211201121021 (base 3) in base 9?
-751537
What is -1688776 (base 9) in base 12?
-396843
-53959 (base 10) to base 6
-1053451
-412220124 (base 5) to base 10
-1679414
What is -fcd80 (base 16) in base 8?
-3746600
142bcb9 (base 14) to base 10
9790363
Convert -1410302 (base 6) to base 11.
-5452a
Convert 1335521 (base 6) to base 13.
28285
Convert -316012 (base 9) to base 8.
-557275
Convert -12848678 (base 9) to base 5.
-3111212001
-11940e (base 16) to base 8
-4312016
3121131013 (base 4) to base 15
128d9a
What is 196631 (base 10) in base 8?
600027
What is -11002001120 (base 3) in base 15?
-18b8c
Convert 349521 (base 14) to base 10.
1792841
-15db8 (base 14) to base 13
-1bc6c
What is 12507 (base 13) in base 6?
420303
Convert -1101000010001110100 (base 2) to base 3.
-210200220102
Convert 25026 (base 10) to base 2.
110000111000010
Convert -1102022311 (base 4) to base 7.
-2601145
Convert -1310267 (base 8) to base 15.
-73102
Convert -1b5d19 (base 15) to base 11.
-8328a3
What is 440022420 (base 5) in base 16?
1ca282
Convert 1331041 (base 8) to base 7.
3113166
What is 21075001 (base 8) in base 15?
5d9a3b
Convert 234440 (base 5) to base 10.
8745
-115d93 (base 14) to base 7
-5015543
Convert -1421aa (base 11) to base 14.
-5b142
-52c2bc (base 13) to base 9
-3576708
Convert 239c31 (base 14) to base 2.
100101001010111000011
What is -44592 (base 15) in base 5?
-23423022
Convert -641120 (base 7) to base 9.
-178048
Convert 221202221020 (base 3) to base 13.
149bcb
Convert 3054103 (base 6) to base 12.
71333
1828850 (base 10) to base 7
21354632
What is -1403a11 (base 12) in base 4?
-33031213231
Convert -1000001110110111000 (base 2) to base 14.
-70440
What is -adcb (base 15) in base 16?
-9002
Convert -301322240 (base 5) to base 13.
-32c651
What is -8f7ef (base 16) in base 7?
-4665404
What is 122022210012010 (base 3) in base 13?
1ba4b92
What is -23140421 (base 5) in base 12?
-a0a51
-21e776 (base 16) to base 7
-24612652
9a0350 (base 11) to base 4
12011231333
1316122 (base 10) to base 12
53578a
Convert -3408622 (base 9) to base 15.
-2643c2
Convert 8cc4c8 (base 14) to base 8.
22232040
What is -211022201211 (base 3) in base 13?
-124cc6
-25104344 (base 6) to base 2
-11000011110010001000
Convert 261a936 (base 13) to base 15.
10aac9d
3503635 (base 7) to base 8
1530073
-132788 (base 9) to base 6
-1422125
-665078 (base 9) to base 16
-61040
Convert 1010000110110111111011 (base 2) to base 3.
11222121120011
4747160 (base 8) to base 6
43453224
Convert 577598 (base 15) to base 12.
14948bb
What is -2031022323 (base 4) in base 5?
-122000420
What is -6426310 (base 7) in base 6?
-24415424
2090895 (base 10) to base 14
3c5db9
23c308 (base 16) to base 5
1044444223
What is -233202310 (base 4) in base 11?
-123347
Convert -3782841 (base 10) to base 11.
-2154117
Convert 213222113 (base 4) to base 12.
7a01b
-185455 (base 13) to base 14
-11cbd6
7b99c3 (base 15) to base 6
330322203
What is 13b65 (base 12) in base 3?
1101211112
Convert -7086 (base 9) to base 7.
-21051
What is -243532 (base 6) in base 5?
-1142314
What is 77031 (base 12) in base 13?
5678b
103635 (base 12) to base 14
68c89
What is 121121040 (base 5) in base 4?
2022123230
What is 617066 (base 9) in base 14?
97562
What is -8106728 (base 10) in base 16?
-7bb2e8
What is -312301301 (base 5) in base 11?
-8018a9
What is 257e9 (base 15) in base 12?
59493
What is 24b35 (base 14) in base 12?
4410b
Convert b73a4 (base 13) to base 2.
1010000100111001111
-25204512 (base 7) to base 8
-10522553
What is 132672 (base 9) in base 15?
18dcb
What is 7034 (base 14) in base 8?
45466
-8f896 (base 16) to base 15
-b9301
-774090 (base 14) to base 11
-23129a5
Convert 16a5528 (base 12) to base 8.
21723260
Convert 152142401 (base 6) to base 7.
36040024
Convert 11b502 (base 14) to base 15.
bee8b
1f4bad (base 16) to base 13
56a705
What is 1b3527 (base 12) in base 11?
2aa867
What is -aa3b8 (base 13) in base 11?
-1a0647
What is -1053711 (base 9) in base 4?
-2022123202
-2113302133 (base 4) to base 11
-395127
12021121202 (base 3) to base 10
103970
What is 1111100100012 (base 3) in base 6?
25004305
What is 3b25d7 (base 16) in base 9?
7257262
-52c1a (base 13) to base 2
-100100011100000010
23003b1 (base 12) to base 15
8cac54
Convert 3030310112 (base 4) to base 8.
3146426
Convert 15d339 (base 15) to base 12.
42b900
-480cf (base 16) to base 9
-488740
Convert 1ca8d5 (base 14) to base 15.
1548e1
178217 (base 13) to base 11
372705
Convert a881b7 (base 12) to base 4.
22023130123
What is -230135 (base 8) in base 12?
-39111
Convert 1621 (base 11) to base 2.
100000100000
What is 342410222 (base 5) in base 3?
2212200010200
-1666841 (base 14) to base 10
-11005065
Convert 2300c (base 13) to base 9.
106365
3824844 (base 9) to base 7
23465113
Convert -12100432 (base 6) to base 4.
-1131010010
Convert -24201340 (base 5) to base 14.
-5c112
-100100111101100110 (base 2) to base 14
-3d262
What is -44134601 (base 7) in base 5?
-1432243240
-13020114 (base 7) to base 14
-22a744
Convert 181d1e (base 16) to base 10.
1580318
-2242352 (base 8) to base 16
-944ea
Convert 216077a (base 11) to base 7.
44145113
What is 49eb4 (base 15) in base 12?
b482a
What is 331a4 (base 15) in base 13?
58ba9
21231276 (base 8) to base 14
86098a
Convert -1185b7 (base 14) to base 8.
-2222445
-203512 (base 9) to base 3
-20010120102
Convert 3b55a (base 15) to base 12.
920aa
10443414 (base 5) to base 11
6436a
Convert -12773165 (base 8) to base 15.
-3bda11
Convert 31101302103 (base 4) to base 13.
94b3cc
4264521 (base 7) to base 4
1333000320
What is -77326 (base 13) in base 9?
-358067
What is -3746853 (base 10) in base 4?
-32102300211
What is 24231142 (base 6) in base 2?
10111011000100000110
Convert -31111003 (base 6) to base 12.
-372463
What is 2684872 (base 10) in base 3?
12001101221201
What is 100110101010010011110 (base 2) in base 13?
354819
What is -1020465 (base 7) in base 3?
-20020022020
-10110101111101011 (base 2) to base 10
-93163
What is -20040232 (base 6) in base 5?
-121041043
Convert -202202221002022 (base 3) to base 10.
-11040767
Convert 560190 (base 11) to base 16.
da189
Convert -298198 (base 12) to bas